{"id":2382,"date":"2024-02-23T15:10:33","date_gmt":"2024-02-23T18:10:33","guid":{"rendered":"https:\/\/environpact.com\/?post_type=equipe&#038;p=2382"},"modified":"2025-01-24T17:12:13","modified_gmt":"2025-01-24T20:12:13","slug":"ana-lyra","status":"publish","type":"equipe","link":"https:\/\/environpact.com\/en\/equipe\/ana-lyra\/","title":{"rendered":"ANA LYRA"},"content":{"rendered":"\n<p>Ana Lyra is an environmental engineer with a master&#8217;s degree in Ocean Engineering and a master&#8217;s degree in Leadership and People Management. Ana has over 15 years of professional experience, having held management positions in Environment, Emergency and Crisis Management and Sustainability. She joined the OceanPact group in 2011, where she was in charge of implementing systems that involved cultural change in significant clients, such as Petrobras and Vale, leading teams in emergency management of national significance and was also in charge of building the company&#8217;s Corporate Sustainability Department. She is currently responsible for the Sustainability Department, which encompasses the various services related to this topic in scenarios of different levels of maturity, as well as for environmental studies and projects linked to licensing processes.<\/p>\n","protected":false},"featured_media":2022,"template":"","class_list":["post-2382","equipe","type-equipe","status-publish","has-post-thumbnail","hentry"],"acf":[],"yoast_head":"<!-- This site is optimized with the Yoast SEO plugin v24.5 - https:\/\/yoast.com\/wordpress\/plugins\/seo\/ -->\n<title>ANA LYRA - EnvironPact<\/title>\n<meta name=\"robots\" content=\"index, follow, max-snippet:-1, max-image-preview:large, max-video-preview:-1\" \/>\n<link rel=\"canonical\" href=\"https:\/\/environpact.com\/en\/equipe\/ana-lyra\/\" \/>\n<meta property=\"og:locale\" content=\"en_US\" \/>\n<meta property=\"og:type\" content=\"article\" \/>\n<meta property=\"og:title\" content=\"ANA LYRA - EnvironPact\" \/>\n<meta property=\"og:description\" content=\"Ana Lyra is an environmental engineer with a master&#8217;s degree in Ocean Engineering and a master&#8217;s degree in Leadership and People Management. Ana has over 15 years of professional experience, having held management positions in Environment, Emergency and Crisis Management and Sustainability. She joined the OceanPact group in 2011, where she was in charge of\u2026\" \/>\n<meta property=\"og:url\" content=\"https:\/\/environpact.com\/en\/equipe\/ana-lyra\/\" \/>\n<meta property=\"og:site_name\" content=\"EnvironPact\" \/>\n<meta property=\"article:modified_time\" content=\"2025-01-24T20:12:13+00:00\" \/>\n<meta property=\"og:image\" content=\"https:\/\/environpact.com\/wp-content\/uploads\/2024\/02\/ana-lyra.jpg\" \/>\n\t<meta property=\"og:image:width\" content=\"261\" \/>\n\t<meta property=\"og:image:height\" content=\"260\" \/>\n\t<meta property=\"og:image:type\" content=\"image\/jpeg\" \/>\n<meta name=\"twitter:card\" content=\"summary_large_image\" \/>\n<meta name=\"twitter:label1\" content=\"Est. reading time\" \/>\n\t<meta name=\"twitter:data1\" content=\"1 minute\" \/>\n<script type=\"application\/ld+json\" class=\"yoast-schema-graph\">{\"@context\":\"https:\/\/schema.org\",\"@graph\":[{\"@type\":\"WebPage\",\"@id\":\"https:\/\/environpact.com\/en\/equipe\/ana-lyra\/\",\"url\":\"https:\/\/environpact.com\/en\/equipe\/ana-lyra\/\",\"name\":\"ANA LYRA - EnvironPact\",\"isPartOf\":{\"@id\":\"https:\/\/environpact.com\/en\/#website\"},\"primaryImageOfPage\":{\"@id\":\"https:\/\/environpact.com\/en\/equipe\/ana-lyra\/#primaryimage\"},\"image\":{\"@id\":\"https:\/\/environpact.com\/en\/equipe\/ana-lyra\/#primaryimage\"},\"thumbnailUrl\":\"https:\/\/environpact.com\/wp-content\/uploads\/2024\/02\/ana-lyra.jpg\",\"datePublished\":\"2024-02-23T18:10:33+00:00\",\"dateModified\":\"2025-01-24T20:12:13+00:00\",\"breadcrumb\":{\"@id\":\"https:\/\/environpact.com\/en\/equipe\/ana-lyra\/#breadcrumb\"},\"inLanguage\":\"en-US\",\"potentialAction\":[{\"@type\":\"ReadAction\",\"target\":[\"https:\/\/environpact.com\/en\/equipe\/ana-lyra\/\"]}]},{\"@type\":\"ImageObject\",\"inLanguage\":\"en-US\",\"@id\":\"https:\/\/environpact.com\/en\/equipe\/ana-lyra\/#primaryimage\",\"url\":\"https:\/\/environpact.com\/wp-content\/uploads\/2024\/02\/ana-lyra.jpg\",\"contentUrl\":\"https:\/\/environpact.com\/wp-content\/uploads\/2024\/02\/ana-lyra.jpg\",\"width\":261,\"height\":260},{\"@type\":\"BreadcrumbList\",\"@id\":\"https:\/\/environpact.com\/en\/equipe\/ana-lyra\/#breadcrumb\",\"itemListElement\":[{\"@type\":\"ListItem\",\"position\":1,\"name\":\"In\u00edcio\",\"item\":\"https:\/\/environpact.com\/en\/home\/\"},{\"@type\":\"ListItem\",\"position\":2,\"name\":\"ANA LYRA\"}]},{\"@type\":\"WebSite\",\"@id\":\"https:\/\/environpact.com\/en\/#website\",\"url\":\"https:\/\/environpact.com\/en\/\",\"name\":\"EnvironPact\",\"description\":\"Servi\u00e7os de consultoria t\u00e9cnica para impacto positivo nas \u00e1reas de Sustentabilidade, Risco e Seguran\u00e7a Operacional e Resili\u00eancia\",\"publisher\":{\"@id\":\"https:\/\/environpact.com\/en\/#organization\"},\"potentialAction\":[{\"@type\":\"SearchAction\",\"target\":{\"@type\":\"EntryPoint\",\"urlTemplate\":\"https:\/\/environpact.com\/en\/?s={search_term_string}\"},\"query-input\":{\"@type\":\"PropertyValueSpecification\",\"valueRequired\":true,\"valueName\":\"search_term_string\"}}],\"inLanguage\":\"en-US\"},{\"@type\":\"Organization\",\"@id\":\"https:\/\/environpact.com\/en\/#organization\",\"name\":\"EnvironPact\",\"url\":\"https:\/\/environpact.com\/en\/\",\"logo\":{\"@type\":\"ImageObject\",\"inLanguage\":\"en-US\",\"@id\":\"https:\/\/environpact.com\/en\/#\/schema\/logo\/image\/\",\"url\":\"https:\/\/environpact.com\/wp-content\/uploads\/2024\/02\/logo-environpact-green.svg\",\"contentUrl\":\"https:\/\/environpact.com\/wp-content\/uploads\/2024\/02\/logo-environpact-green.svg\",\"width\":153,\"height\":53,\"caption\":\"EnvironPact\"},\"image\":{\"@id\":\"https:\/\/environpact.com\/en\/#\/schema\/logo\/image\/\"}}]}<\/script>\n<!-- \/ Yoast SEO plugin. -->","yoast_head_json":{"title":"ANA LYRA - EnvironPact","robots":{"index":"index","follow":"follow","max-snippet":"max-snippet:-1","max-image-preview":"max-image-preview:large","max-video-preview":"max-video-preview:-1"},"canonical":"https:\/\/environpact.com\/en\/equipe\/ana-lyra\/","og_locale":"en_US","og_type":"article","og_title":"ANA LYRA - EnvironPact","og_description":"Ana Lyra is an environmental engineer with a master&#8217;s degree in Ocean Engineering and a master&#8217;s degree in Leadership and People Management. Ana has over 15 years of professional experience, having held management positions in Environment, Emergency and Crisis Management and Sustainability. She joined the OceanPact group in 2011, where she was in charge of\u2026","og_url":"https:\/\/environpact.com\/en\/equipe\/ana-lyra\/","og_site_name":"EnvironPact","article_modified_time":"2025-01-24T20:12:13+00:00","og_image":[{"width":261,"height":260,"url":"https:\/\/environpact.com\/wp-content\/uploads\/2024\/02\/ana-lyra.jpg","type":"image\/jpeg"}],"twitter_card":"summary_large_image","twitter_misc":{"Est. reading time":"1 minute"},"schema":{"@context":"https:\/\/schema.org","@graph":[{"@type":"WebPage","@id":"https:\/\/environpact.com\/en\/equipe\/ana-lyra\/","url":"https:\/\/environpact.com\/en\/equipe\/ana-lyra\/","name":"ANA LYRA - EnvironPact","isPartOf":{"@id":"https:\/\/environpact.com\/en\/#website"},"primaryImageOfPage":{"@id":"https:\/\/environpact.com\/en\/equipe\/ana-lyra\/#primaryimage"},"image":{"@id":"https:\/\/environpact.com\/en\/equipe\/ana-lyra\/#primaryimage"},"thumbnailUrl":"https:\/\/environpact.com\/wp-content\/uploads\/2024\/02\/ana-lyra.jpg","datePublished":"2024-02-23T18:10:33+00:00","dateModified":"2025-01-24T20:12:13+00:00","breadcrumb":{"@id":"https:\/\/environpact.com\/en\/equipe\/ana-lyra\/#breadcrumb"},"inLanguage":"en-US","potentialAction":[{"@type":"ReadAction","target":["https:\/\/environpact.com\/en\/equipe\/ana-lyra\/"]}]},{"@type":"ImageObject","inLanguage":"en-US","@id":"https:\/\/environpact.com\/en\/equipe\/ana-lyra\/#primaryimage","url":"https:\/\/environpact.com\/wp-content\/uploads\/2024\/02\/ana-lyra.jpg","contentUrl":"https:\/\/environpact.com\/wp-content\/uploads\/2024\/02\/ana-lyra.jpg","width":261,"height":260},{"@type":"BreadcrumbList","@id":"https:\/\/environpact.com\/en\/equipe\/ana-lyra\/#breadcrumb","itemListElement":[{"@type":"ListItem","position":1,"name":"In\u00edcio","item":"https:\/\/environpact.com\/en\/home\/"},{"@type":"ListItem","position":2,"name":"ANA LYRA"}]},{"@type":"WebSite","@id":"https:\/\/environpact.com\/en\/#website","url":"https:\/\/environpact.com\/en\/","name":"EnvironPact","description":"Servi\u00e7os de consultoria t\u00e9cnica para impacto positivo nas \u00e1reas de Sustentabilidade, Risco e Seguran\u00e7a Operacional e Resili\u00eancia","publisher":{"@id":"https:\/\/environpact.com\/en\/#organization"},"potentialAction":[{"@type":"SearchAction","target":{"@type":"EntryPoint","urlTemplate":"https:\/\/environpact.com\/en\/?s={search_term_string}"},"query-input":{"@type":"PropertyValueSpecification","valueRequired":true,"valueName":"search_term_string"}}],"inLanguage":"en-US"},{"@type":"Organization","@id":"https:\/\/environpact.com\/en\/#organization","name":"EnvironPact","url":"https:\/\/environpact.com\/en\/","logo":{"@type":"ImageObject","inLanguage":"en-US","@id":"https:\/\/environpact.com\/en\/#\/schema\/logo\/image\/","url":"https:\/\/environpact.com\/wp-content\/uploads\/2024\/02\/logo-environpact-green.svg","contentUrl":"https:\/\/environpact.com\/wp-content\/uploads\/2024\/02\/logo-environpact-green.svg","width":153,"height":53,"caption":"EnvironPact"},"image":{"@id":"https:\/\/environpact.com\/en\/#\/schema\/logo\/image\/"}}]}},"_links":{"self":[{"href":"https:\/\/environpact.com\/en\/wp-json\/wp\/v2\/equipe\/2382","targetHints":{"allow":["GET"]}}],"collection":[{"href":"https:\/\/environpact.com\/en\/wp-json\/wp\/v2\/equipe"}],"about":[{"href":"https:\/\/environpact.com\/en\/wp-json\/wp\/v2\/types\/equipe"}],"wp:featuredmedia":[{"embeddable":true,"href":"https:\/\/environpact.com\/en\/wp-json\/wp\/v2\/media\/2022"}],"wp:attachment":[{"href":"https:\/\/environpact.com\/en\/wp-json\/wp\/v2\/media?parent=2382"}],"curies":[{"name":"wp","href":"https:\/\/api.w.org\/{rel}","templated":true}]}}

<!-- This site is optimized with the Yoast SEO plugin v24.5 - https://yoast.com/wordpress/plugins/seo/ -->
<title>ANA LYRA - EnvironPact</title>
<meta name="robots" content="index, follow, max-snippet:-1, max-image-preview:large, max-video-preview:-1" />
<link rel="canonical" href="https://environpact.com/en/equipe/ana-lyra/" />
<meta property="og:locale" content="en_US" />
<meta property="og:type" content="article" />
<meta property="og:title" content="ANA LYRA - EnvironPact" />
<meta property="og:description" content="Ana Lyra is an environmental engineer with a master&#8217;s degree in Ocean Engineering and a master&#8217;s degree in Leadership and People Management. Ana has over 15 years of professional experience, having held management positions in Environment, Emergency and Crisis Management and Sustainability. She joined the OceanPact group in 2011, where she was in charge of…" />
<meta property="og:url" content="https://environpact.com/en/equipe/ana-lyra/" />
<meta property="og:site_name" content="EnvironPact" />
<meta property="article:modified_time" content="2025-01-24T20:12:13+00:00" />
<meta property="og:image" content="https://environpact.com/wp-content/uploads/2024/02/ana-lyra.jpg" />
	<meta property="og:image:width" content="261" />
	<meta property="og:image:height" content="260" />
	<meta property="og:image:type" content="image/jpeg" />
<meta name="twitter:card" content="summary_large_image" />
<meta name="twitter:label1" content="Est. reading time" />
	<meta name="twitter:data1" content="1 minute" />
<script type="application/ld+json" class="yoast-schema-graph">{"@context":"https://schema.org","@graph":[{"@type":"WebPage","@id":"https://environpact.com/en/equipe/ana-lyra/","url":"https://environpact.com/en/equipe/ana-lyra/","name":"ANA LYRA - EnvironPact","isPartOf":{"@id":"https://environpact.com/en/#website"},"primaryImageOfPage":{"@id":"https://environpact.com/en/equipe/ana-lyra/#primaryimage"},"image":{"@id":"https://environpact.com/en/equipe/ana-lyra/#primaryimage"},"thumbnailUrl":"https://environpact.com/wp-content/uploads/2024/02/ana-lyra.jpg","datePublished":"2024-02-23T18:10:33+00:00","dateModified":"2025-01-24T20:12:13+00:00","breadcrumb":{"@id":"https://environpact.com/en/equipe/ana-lyra/#breadcrumb"},"inLanguage":"en-US","potentialAction":[{"@type":"ReadAction","target":["https://environpact.com/en/equipe/ana-lyra/"]}]},{"@type":"ImageObject","inLanguage":"en-US","@id":"https://environpact.com/en/equipe/ana-lyra/#primaryimage","url":"https://environpact.com/wp-content/uploads/2024/02/ana-lyra.jpg","contentUrl":"https://environpact.com/wp-content/uploads/2024/02/ana-lyra.jpg","width":261,"height":260},{"@type":"BreadcrumbList","@id":"https://environpact.com/en/equipe/ana-lyra/#breadcrumb","itemListElement":[{"@type":"ListItem","position":1,"name":"Início","item":"https://environpact.com/en/home/"},{"@type":"ListItem","position":2,"name":"ANA LYRA"}]},{"@type":"WebSite","@id":"https://environpact.com/en/#website","url":"https://environpact.com/en/","name":"EnvironPact","description":"Serviços de consultoria técnica para impacto positivo nas áreas de Sustentabilidade, Risco e Segurança Operacional e Resiliência","publisher":{"@id":"https://environpact.com/en/#organization"},"potentialAction":[{"@type":"SearchAction","target":{"@type":"EntryPoint","urlTemplate":"https://environpact.com/en/?s={search_term_string}"},"query-input":{"@type":"PropertyValueSpecification","valueRequired":true,"valueName":"search_term_string"}}],"inLanguage":"en-US"},{"@type":"Organization","@id":"https://environpact.com/en/#organization","name":"EnvironPact","url":"https://environpact.com/en/","logo":{"@type":"ImageObject","inLanguage":"en-US","@id":"https://environpact.com/en/#/schema/logo/image/","url":"https://environpact.com/wp-content/uploads/2024/02/logo-environpact-green.svg","contentUrl":"https://environpact.com/wp-content/uploads/2024/02/logo-environpact-green.svg","width":153,"height":53,"caption":"EnvironPact"},"image":{"@id":"https://environpact.com/en/#/schema/logo/image/"}}]}</script>
<!-- / Yoast SEO plugin. -->

Início

Serviços de consultoria técnica para impacto positivo nas áreas de Sustentabilidade, Risco e Segurança Operacional e Resiliência
